o base 6.
-5232
What is -3415 (base 8) in base 11?
-13a1
Convert -43b (base 14) to base 3.
-1011000
-1100000110 (base 2) to base 9
-1050
468 (base 13) to base 12
536
101001110 (base 2) to base 9
411
Convert -2212222121 (base 3) to base 6.
-1115111
What is -269 (base 16) in base 13?
-386
-1100001011 (base 2) to base 3
-1001212
Convert 111010110011 (base 2) to base 10.
3763
What is 3741 (base 8) in base 7?
5611
-ab2 (base 12) to base 6
-11142
What is 103030 (base 4) in base 8?
2314
-129c (base 13) to base 3
-10122200
Convert 21026 (base 8) to base 3.
102222012
What is 1430032 (base 5) in base 9?
45152
What is 711 (base 15) in base 13?
955
What is 2351 (base 7) in base 8?
1545
-308 (base 13) to base 2
-1000000011
What is -3115 (base 7) in base 12?
-76a
What is 10101120 (base 3) in base 11?
1948
Convert 11010001111011 (base 2) to base 3.
200102121
What is 3784 (base 14) in base 6?
113000
What is -10012020210 (base 3) in base 5?
-4003002
-8599 (base 10) to base 16
-2197
Convert -12321 (base 10) to base 6.
-133013
Convert 1010221 (base 3) to base 11.
69a
What is 113 (base 16) in base 9?
335
-31 (base 16) to base 6
-121
What is 8415 (base 10) in base 16?
20df
Convert 40 (base 12) to base 14.
36
2111003 (base 5) to base 13
12cb2
What is 1040 (base 8) in base 12?
394
Convert -44344 (base 5) to base 2.
-110000011011
Convert -211104 (base 5) to base 10.
-7029
Convert -1002121 (base 3) to base 14.
-411
Convert -4b (base 13) to base 3.
-2100
What is 69 (base 15) in base 14?
71
What is 15364 (base 7) in base 11?
3268
What is -140100 (base 5) in base 14?
-20b8
What is -2112133 (base 4) in base 10?
-9631
692 (base 13) to base 7
3206
Convert 3024031 (base 5) to base 6.
1013105
What is 906 (base 10) in base 6?
4110
477 (base 10) to base 9
580
Convert 432020 (base 5) to base 6.
151431
-2286 (base 13) to base 12
-2976
What is 73255 (base 8) in base 16?
76ad
Convert 30897 (base 11) to base 5.
2414442
Convert 15977 (base 10) to base 6.
201545
-45264 (base 7) to base 8
-26307
What is 3846 (base 15) in base 14?
4527
1212202 (base 3) to base 6
10202
What is 10100111000 (base 2) in base 13?
7ba
What is 85a (base 11) in base 12?
721
Convert 368 (base 15) to base 3.
1001122
What is -1406 (base 10) in base 2?
-10101111110
What is -1ac4 (base 13) in base 11?
-304a
Convert 2a9 (base 11) to base 13.
21a
Convert -143063 (base 7) to base 16.
-6b5d
176 (base 8) to base 10
126
Convert -b4b9 (base 12) to base 4.
-10310031
What is -19 (base 15) in base 14?
-1a
-b7 (base 13) to base 4
-2112
-343 (base 6) to base 7
-252
What is -4a65 (base 14) in base 16?
-32e1
Convert 2210200022 (base 3) to base 16.
d781
Convert 16743 (base 10) to base 2.
100000101100111
-11101101011110 (base 2) to base 6
-154210
What is -1312000 (base 4) in base 6?
-54544
-31703 (base 8) to base 5
-411001
Convert -1313 (base 5) to base 7.
-415
cbcc (base 13) to base 3
1102221112
What is -2403 (base 6) in base 9?
-713
Convert -51243 (base 6) to base 7.
-25545
What is 4331 (base 8) in base 14?
b7b
-122102 (base 4) to base 2
-11010010010
Convert 10132 (base 5) to base 10.
667
What is 300310 (base 4) in base 12?
1984
What is 11022 (base 5) in base 15?
35c
What is -3301202 (base 4) in base 11?
-10683
1400 (base 9) to base 10
1053
-b24 (base 14) to base 13
-cc4
-333 (base 11) to base 5
-3044
What is 12030 (base 4) in base 6?
1500
2766 (base 10) to base 12
1726
202333 (base 4) to base 6
14211
What is 130a7 (base 11) in base 6?
222451
26406 (base 7) to base 11
5340
-53511 (base 6) to base 16
-1c93
What is -1b7 (base 12) in base 5?
-2113
What is -9c8 (base 13) in base 14?
-885
-285 (base 9) to base 12
-17b
Convert -10c (base 15) to base 13.
-153
14637 (base 8) to base 5
202214
-101111111101111 (base 2) to base 6
-305411
2d8 (base 15) to base 6
3005
Convert 13332 (base 4) to base 8.
776
Convert -205032 (base 7) to base 11.
-24619
-12020 (base 3) to base 11
-119
What is 240172 (base 8) in base 9?
134477
Convert 202200 (base 3) to base 9.
680
15ee (base 15) to base 4
1021310
Convert 5d5 (base 14) to base 11.
971
Convert 3516 (base 9) to base 14.
d43
721 (base 9) to base 7
1465
Convert 48438 (base 9) to base 7.
163364
What is -1111101110 (base 2) in base 11?
-835
Convert -651 (base 8) to base 3.
-120202
What is 20312 (base 4) in base 11?
475
What is 82 (base 10) in base 15?
57
Convert 67252 (base 8) to base 16.
6eaa
What is 357 (base 9) in base 4?
10213
Convert -230 (base 4) to base 15.
-2e
-43005 (base 7) to base 10
-10638
Convert 222410 (base 6) to base 4.
10210212
What is 110212222 (base 3) in base 8?
22263
Convert -1722 (base 8) to base 11.
-80a
What is -9467 (base 10) in base 15?
-2c12
Convert -1144 (base 9) to base 7.
-2323
What is -212 (base 9) in base 16?
-ad
-365 (base 7) to base 6
-522
Convert -27882 (base 9) to base 16.
-4a03
What is 13002 (base 6) in base 11?
150a
What is -11011010101101 (base 2) in base 15?
-4232
Convert -32310 (base 5) to base 11.
-1725
What is -308 (base 11) in base 5?
-2441
What is -346422 (base 7) in base 10?
-62295
What is -12141 (base 5) in base 7?
-2454
What is 2b5 (base 13) in base 2?
111100110
Convert -111110101011111 (base 2) to base 3.
-1122000201
What is c2c (base 14) in base 15?
a97
-3769 (base 11) to base 5
-124130
Convert -1213000 (base 4) to base 14.
-258c
Convert 2551 (base 13) to base 8.
12271
What is 6230 (base 13) in base 16?
34f7
Convert 1230313 (base 4) to base 7.
26212
Convert -4204 (base 5) to base 12.
-3a2
4ab (base 15) to base 6
4525
Convert -110100101111110 (base 2) to base 8.
-64576
7a27 (base 12) to base 8
32377
Convert -126 (base 12) to base 2.
-10101110
What is 232254 (base 6) in base 10?
19978
Convert c4e (base 15) to base 12.
1732
-41166 (base 7) to base 4
-2130330
Convert 11312 (base 4) to base 16.
176
Convert -202203 (base 4) to base 10.
-2211
Convert -101101110 (base 2) to base 5.
-2431
Convert -544 (base 10) to base 11.
-455
111000101000100 (base 2) to base 5
1411441
What is -2311 (base 5) in base 10?
-331
What is -560 (base 8) in base 4?
-11300
Convert -47439 (base 11) to base 2.
-10000101100110111
What is 5167 (base 9) in base 10?
3787
-116c (base 13) to base 4
-212120
15763 (base 8) to base 2
1101111110011
Convert -4508 (base 9) to base 2.
-110100000001
Convert 11214 (base 5) to base 3.
1002222
Convert -1285 (base 9) to base 3.
-1022212
What is 11130 (base 6) in base 12?
aa6
What is -286 (base 14) in base 7?
-1326
What is -3056 (base 8) in base 16?
-62e
44e (base 16) to base 6
5034
What is -42d4 (base 15) in base 11?
-a6a3
Convert -2847 (base 15) to base 8.
-20651
Convert -1423 (base 7) to base 14.
-2ba
-42 (base 16) to base 7
-123
What is 93b (base 12) in base 5?
20333
Convert 1b8 (base 12) to base 6.
1152
-471 (base 12) to base 14
-353
Convert -30403 (base 6) to base 13.
-1ab5
Convert 5988 (base 13) to base 16.
314a
Convert -1223 (base 6) to base 9.
-366
What is -161 (base 15) in base 11?
-268
-1d5b (base 16) to base 15
-2360
2465 (base 8) to base 3
1211101
What is 111101100 (base 3) in base 16?
261c
What is 5ecb (base 16) in base 13?
b079
-7a4 (base 11) to base 3
-1022121
Convert -12554 (base 8) to base 2.
-1010101101100
What is -455 (base 7) in base 13?
-152
What is 3cc2 (base 14) in base 12?
6282
What is -eb4 (base 16) in base 4?
-322310
What is -2173 (base 16) in base 12?
-4b57
Convert -8054 (base 15) to base 12.
-13807
Convert 71057 (base 8) to base 9.
44078
What is -101010101100 (base 2) in base 5?
-41412
31950 (base 11) to base 5
2441043
What is 4864 (base 9) in base 4?
320212
-211121 (base 4) to base 9
-3248
What is -5 (base 12) in base 2?
-101
2021110 (base 4) to base 11
666a
-211a (base 14) to base 7
-22433
What is 31075 (base 12) in base 8?
175031
-3bb (base 16) to base 2
-1110111011
What is 8228 (base 10) in base 3?
102021202
Convert -1dd3 (base 14) to base 15.
-1952
3602 (base 9) to base 4
221303
431323 (base 5) to base 6
151312
4404 (base 7) to base 6
11140
What is -12a3 (base 11) in base 3?
-2022110
Convert -7704 (base 14) to base 15.
-6174
398 (base 11) to base 14
258
-452 (base 9) to base 13
-227
What is -109 (base 10) in base 5?
-414
What is 546 (base 8) in base 4?
11212
-119a7 (base 13) to base 7
-163336
Convert -867 (base 12) to base 5.
-14411
1808 (base 10) to base 3
2110222
-177c5 (base 13) to base 8
-130344
Convert 217 (base 13)